{"id":24918,"date":"2019-11-27T11:12:27","date_gmt":"2019-11-27T10:12:27","guid":{"rendered":"https:\/\/www.lightintheled.fr\/?page_id=24918"},"modified":"2019-12-16T17:24:17","modified_gmt":"2019-12-16T16:24:17","slug":"nos-savoir-faire","status":"publish","type":"page","link":"https:\/\/www.lightintheled.fr\/index.php\/nos-savoir-faire\/","title":{"rendered":"Nos savoir-faire"},"content":{"rendered":"<div class=\"wpb-content-wrapper\"><p>[vc_row][vc_column][vc_column_text]<\/p>\n<h4 style=\"text-align: center;\"><strong>Light In The Led<\/strong> vous accompagne dans tous vos projets D&rsquo;\u00c9CLAIRAGE.<\/h4>\n<p>[\/vc_column_text][\/vc_column][\/vc_row][vc_row][vc_column][vc_column_text]Notre exp\u00e9rience dans l\u2019\u00e9clairage industriel et tertiaire nous a men\u00e9 \u00e0 proposer en local notre expertise et savoir-faire\u2026<br \/>\nNotre connaissance de la technologie disponible sur le march\u00e9 et notre flexibilit\u00e9 d\u2019int\u00e9gration permettent d\u2019apporter des solutions \u00e0 tout type de projets (petit et gros)<br \/>\nNotre exp\u00e9rience dans l\u2019\u00e9clairage et nos partenaires permettent une r\u00e9activit\u00e9 \u00e0 toute \u00e9chelle. De l\u2019\u00e9clairage direct ou indirect au mouton \u00e0 cinq pattes, notre agilit\u00e9 nous permet de couvrir un large spectre. De la lumi\u00e8re 1800\u00b0K \u00e0 14 000\u00b0K aux couleurs vari\u00e9es bleu, rouge, vert, jaune, ambre, cyan, violet, etc&#8230;<br \/>\nNous sommes capables de r\u00e9pondre \u00e0 toutes les demandes.<br \/>\nNos recherches dans le monde du v\u00e9g\u00e9tal nous permettent de proposer jusqu\u2019\u00e0 32 longueurs d\u2019ondes diff\u00e9rentes pour couvrir tous les applicatifs du march\u00e9.[\/vc_column_text][\/vc_column][\/vc_row][vc_row][vc_column width=\u00a0\u00bb1\/3&Prime;][vc_column_text]<\/p>\n<ul>\n<li><strong><span class=\"letter-spacing\">\u00c9tudes, prototypage de vos projets et sur mesure<\/span><\/strong>\n<ul>\n<li><span class=\"letter-spacing\">Lampe ou luminaire sur mesure, Int\u00e9gration artisanat d\u2019art, \u2026<\/span><\/li>\n<\/ul>\n<\/li>\n<\/ul>\n<p>[\/vc_column_text][\/vc_column][vc_column width=\u00a0\u00bb1\/3&Prime;][vc_single_image image=\u00a0\u00bb25044&Prime; img_size=\u00a0\u00bblarge\u00a0\u00bb alignment=\u00a0\u00bbcenter\u00a0\u00bb css_animation=\u00a0\u00bbfadeInDown\u00a0\u00bb][\/vc_column][vc_column width=\u00a0\u00bb1\/3&Prime;][vc_single_image image=\u00a0\u00bb25043&Prime; img_size=\u00a0\u00bblarge\u00a0\u00bb alignment=\u00a0\u00bbcenter\u00a0\u00bb css_animation=\u00a0\u00bbfadeInRight\u00a0\u00bb][\/vc_column][\/vc_row][vc_row][vc_column width=\u00a0\u00bb1\/2&Prime;][vc_column_text]<\/p>\n<ul>\n<li><strong>Retrofit lighting arr\u00eatons de jeter et donnons une seconde vie \u00e0 nos objets<\/strong>\n<ul>\n<li>R\u00e9novation d\u2019anciennes lampes ou luminaires,<\/li>\n<li>Recyclage des suspensions industrielles, lampe HPS (sodium), et tous les objets que vous souhaitez convertir en luminaires<\/li>\n<\/ul>\n<\/li>\n<\/ul>\n<p>[\/vc_column_text][\/vc_column][vc_column width=\u00a0\u00bb1\/2&Prime;][vc_single_image image=\u00a0\u00bb25035&Prime; img_size=\u00a0\u00bb992*409&Prime; css_animation=\u00a0\u00bbfadeInRight\u00a0\u00bb][\/vc_column][\/vc_row][vc_row][vc_column width=\u00a0\u00bb1\/2&Prime;][vc_column_text]<\/p>\n<ul>\n<li><strong>Accompagnement &amp; conseil de vos projets d\u2019\u00e9clairage int\u00e9rieur\/ext\u00e9rieur<\/strong>\n<ul>\n<li>Locaux commerciaux<\/li>\n<li>Maison, jardin<\/li>\n<li>Ch\u00e2teau, salle de r\u00e9ception \u2026<\/li>\n<\/ul>\n<\/li>\n<\/ul>\n<p>[\/vc_column_text][\/vc_column][vc_column width=\u00a0\u00bb1\/2&Prime;][vc_single_image image=\u00a0\u00bb25025&Prime; img_size=\u00a0\u00bblarge\u00a0\u00bb css_animation=\u00a0\u00bbfadeInRight\u00a0\u00bb][\/vc_column][\/vc_row][vc_row][vc_column width=\u00a0\u00bb1\/2&Prime;][vc_single_image image=\u00a0\u00bb25027&Prime; img_size=\u00a0\u00bblarge\u00a0\u00bb css_animation=\u00a0\u00bbfadeInLeft\u00a0\u00bb][\/vc_column][vc_column width=\u00a0\u00bb1\/2&Prime;][vc_single_image image=\u00a0\u00bb25026&Prime; img_size=\u00a0\u00bblarge\u00a0\u00bb css_animation=\u00a0\u00bbfadeInRight\u00a0\u00bb][\/vc_column][\/vc_row][vc_row][vc_column width=\u00a0\u00bb1\/3&Prime;][vc_column_text]<\/p>\n<ul>\n<li><strong>\u00c9tude d&rsquo;\u00e9clairage normatif<\/strong>\n<ul>\n<li>Eclairage sportif (Stade, court de tennis, gymnase..)<\/li>\n<li>Bureau, d\u00e9p\u00f4t,<\/li>\n<li>Site industriel (Atex, peinture, contr\u00f4le qualit\u00e9 \u2026)<\/li>\n<\/ul>\n<\/li>\n<\/ul>\n<p>[\/vc_column_text][\/vc_column][vc_column width=\u00a0\u00bb1\/3&Prime;][vc_single_image image=\u00a0\u00bb24990&Prime; img_size=\u00a0\u00bblarge\u00a0\u00bb css_animation=\u00a0\u00bbfadeInRight\u00a0\u00bb][\/vc_column][vc_column width=\u00a0\u00bb1\/3&Prime;][vc_single_image image=\u00a0\u00bb25053&Prime; img_size=\u00a0\u00bb500*300&Prime; alignment=\u00a0\u00bbcenter\u00a0\u00bb css_animation=\u00a0\u00bbfadeInRight\u00a0\u00bb][\/vc_column][\/vc_row][vc_row][vc_column][vc_column_text]Avec une exp\u00e9rience de plus de 10 ans, notre bureau d&rsquo;\u00e9tudes sera en mesure de vous fournir des simulations professionnelles DIALUX et des solutions d&rsquo;\u00e9clairage LED constructives.<br \/>\nNous connaissons bien les normes d&rsquo;\u00e9clairage de toutes les applications et nous nous soucions de tous vos projets, peu importe votre cas, qu&rsquo;il soit grand ou petit ![\/vc_column_text][\/vc_column][\/vc_row][vc_row][vc_column width=\u00a0\u00bb1\/3&Prime;][vc_single_image image=\u00a0\u00bb25000&Prime; img_size=\u00a0\u00bblarge\u00a0\u00bb css_animation=\u00a0\u00bbfadeInLeft\u00a0\u00bb][\/vc_column][vc_column width=\u00a0\u00bb1\/3&Prime;][vc_single_image image=\u00a0\u00bb25001&Prime; img_size=\u00a0\u00bblarge\u00a0\u00bb css_animation=\u00a0\u00bbfadeIn\u00a0\u00bb][\/vc_column][vc_column width=\u00a0\u00bb1\/3&Prime;][vc_single_image image=\u00a0\u00bb25002&Prime; img_size=\u00a0\u00bbmedium\u00a0\u00bb css_animation=\u00a0\u00bbfadeInRight\u00a0\u00bb][\/vc_column][\/vc_row]<\/p>\n<\/div>","protected":false},"excerpt":{"rendered":"<p>[vc_row][vc_column][vc_column_text] Light In The Led vous accompagne dans tous vos projets D&rsquo;\u00c9CLAIRAGE. [\/vc_column_text][\/vc_column][\/vc_row][vc_row][vc_column][vc_column_text]Notre exp\u00e9rience dans l\u2019\u00e9clairage industriel et tertiaire nous&#8230;<\/p>\n","protected":false},"author":1,"featured_media":0,"parent":0,"menu_order":0,"comment_status":"closed","ping_status":"closed","template":"","meta":{"footnotes":""},"class_list":["post-24918","page","type-page","status-publish"],"_links":{"self":[{"href":"https:\/\/www.lightintheled.fr\/index.php\/wp-json\/wp\/v2\/pages\/24918","targetHints":{"allow":["GET"]}}],"collection":[{"href":"https:\/\/www.lightintheled.fr\/index.php\/wp-json\/wp\/v2\/pages"}],"about":[{"href":"https:\/\/www.lightintheled.fr\/index.php\/wp-json\/wp\/v2\/types\/page"}],"author":[{"embeddable":true,"href":"https:\/\/www.lightintheled.fr\/index.php\/wp-json\/wp\/v2\/users\/1"}],"replies":[{"embeddable":true,"href":"https:\/\/www.lightintheled.fr\/index.php\/wp-json\/wp\/v2\/comments?post=24918"}],"version-history":[{"count":23,"href":"https:\/\/www.lightintheled.fr\/index.php\/wp-json\/wp\/v2\/pages\/24918\/revisions"}],"predecessor-version":[{"id":25060,"href":"https:\/\/www.lightintheled.fr\/index.php\/wp-json\/wp\/v2\/pages\/24918\/revisions\/25060"}],"wp:attachment":[{"href":"https:\/\/www.lightintheled.fr\/index.php\/wp-json\/wp\/v2\/media?parent=24918"}],"curies":[{"name":"wp","href":"https:\/\/api.w.org\/{rel}","templated":true}]}}